{"id":314,"date":"2025-01-28T18:20:31","date_gmt":"2025-01-28T21:20:31","guid":{"rendered":"https:\/\/acquiphera.com.br\/?page_id=314"},"modified":"2025-04-16T16:27:24","modified_gmt":"2025-04-16T19:27:24","slug":"servicos","status":"publish","type":"page","link":"https:\/\/acquiphera.com.br\/index.php\/servicos\/","title":{"rendered":"Servi\u00e7os"},"content":{"rendered":"\t\t<div data-elementor-type=\"wp-page\" data-elementor-id=\"314\" class=\"elementor elementor-314\" data-elementor-post-type=\"page\">\n\t\t\t\t<div class=\"elementor-element elementor-element-ca2e249 e-flex e-con-boxed e-con e-parent\" data-id=\"ca2e249\" data-element_type=\"container\">\n\t\t\t\t\t<div class=\"e-con-inner\">\n\t\t<div class=\"elementor-element elementor-element-1d0692b e-con-full e-flex e-con e-child\" data-id=\"1d0692b\" data-element_type=\"container\">\n\t\t\t\t<div class=\"elementor-element elementor-element-03c9ccb elementor-widget elementor-widget-text-editor\" data-id=\"03c9ccb\" data-element_type=\"widget\" data-widget_type=\"text-editor.default\">\n\t\t\t\t<div class=\"elementor-widget-container\">\n\t\t\t\t\t\t\t\t\t<h5><strong>Tratamento de \u00c1gua Industrial:<\/strong><\/h5><p>Desenvolvemos solu\u00e7\u00f5es customizadas para atender \u00e0s demandas de processos industriais, garantindo que a \u00e1gua utilizada seja tratada conforme as especifica\u00e7\u00f5es t\u00e9cnicas exigidas, com orienta\u00e7\u00e3o de reuso, quando indicado e poss\u00edvel.<\/p><h5><strong>Tratamento de \u00c1gua Pot\u00e1vel:<\/strong><\/h5><p>Em parcerias com empresas especializadas, implementamos sistemas de purifica\u00e7\u00e3o que asseguram a potabilidade da \u00e1gua, eliminando contaminantes e proporcionando um recurso seguro para consumo humano.<\/p>\t\t\t\t\t\t\t\t<\/div>\n\t\t\t\t<\/div>\n\t\t<div class=\"elementor-element elementor-element-57350d0 e-con-full e-flex e-con e-child\" data-id=\"57350d0\" data-element_type=\"container\">\n\t\t\t\t<div class=\"elementor-element elementor-element-b40b553 elementor-widget elementor-widget-text-editor\" data-id=\"b40b553\" data-element_type=\"widget\" data-widget_type=\"text-editor.default\">\n\t\t\t\t<div class=\"elementor-widget-container\">\n\t\t\t\t\t\t\t\t\t<h5><strong>Assessoria T\u00e9cnica:<\/strong><\/h5><p>Assessoramos nossos clientes para implementa\u00e7\u00e3o de melhorias praticas em processos de tratamento de \u00e1gua, reduzindo desperd\u00edcios e otimizando o uso dos recursos.<\/p><p>Desenvolvemos e realizamos estudos para uso correto e otimizado de produtos qu\u00edmicos.<\/p><h5><strong>Laborat\u00f3rio pr\u00f3prio:<\/strong><\/h5><p>A Acquiphera Ambiental mant\u00e9m laborat\u00f3rio pr\u00f3prio, com redu\u00e7\u00e3o de custos de opera\u00e7\u00e3o nos contratos agregados de servi\u00e7os e produtos.<\/p>\t\t\t\t\t\t\t\t<\/div>\n\t\t\t\t<\/div>\n\t\t\t\t<\/div>\n\t\t\t\t<\/div>\n\t\t\t\t\t<\/div>\n\t\t\t\t<\/div>\n\t\t<div class=\"elementor-element elementor-element-c31ec64 e-flex e-con-boxed e-con e-parent\" data-id=\"c31ec64\" data-element_type=\"container\">\n\t\t\t\t\t<div class=\"e-con-inner\">\n\t\t<div class=\"elementor-element elementor-element-acf7f3f e-con-full e-flex e-con e-child\" data-id=\"acf7f3f\" data-element_type=\"container\">\n\t\t\t\t<div class=\"elementor-element elementor-element-1b721ce elementor-widget__width-initial elementor-widget elementor-widget-text-editor\" data-id=\"1b721ce\" data-element_type=\"widget\" data-widget_type=\"text-editor.default\">\n\t\t\t\t<div class=\"elementor-widget-container\">\n\t\t\t\t\t\t\t\t\t<h5><strong>An\u00e1lises T\u00e9cnicas de Produtos Qu\u00edmicos para Saneamento:<\/strong><\/h5><p>Verifica\u00e7\u00e3o da concentra\u00e7\u00e3o e da especifica\u00e7\u00e3o t\u00e9cnica, com todas as an\u00e1lises realizadas estritamente nas conformidades das Normas T\u00e9cnicas ABNT.<\/p>\t\t\t\t\t\t\t\t<\/div>\n\t\t\t\t<\/div>\n\t\t\t\t<\/div>\n\t\t\t\t\t<\/div>\n\t\t\t\t<\/div>\n\t\t<div class=\"elementor-element elementor-element-ec1d4ca e-con-full e-flex e-con e-parent\" data-id=\"ec1d4ca\" data-element_type=\"container\">\n\t\t\t\t<div class=\"elementor-element elementor-element-e6416d7 elementor-widget elementor-widget-image\" data-id=\"e6416d7\" data-element_type=\"widget\" data-widget_type=\"image.default\">\n\t\t\t\t<div class=\"elementor-widget-container\">\n\t\t\t\t\t\t\t\t\t\t\t\t\t\t\t<img fetchpriority=\"high\" decoding=\"async\" width=\"1080\" height=\"500\" src=\"http:\/\/acquiphera.com.br\/wp-content\/uploads\/2025\/01\/AguaSensacional.png\" class=\"attachment-full size-full wp-image-251\" alt=\"\" srcset=\"http:\/\/acquiphera.com.br\/wp-content\/uploads\/2025\/01\/AguaSensacional.png 1080w, http:\/\/acquiphera.com.br\/wp-content\/uploads\/2025\/01\/AguaSensacional-300x139.png 300w, http:\/\/acquiphera.com.br\/wp-content\/uploads\/2025\/01\/AguaSensacional-1024x474.png 1024w, http:\/\/acquiphera.com.br\/wp-content\/uploads\/2025\/01\/AguaSensacional-768x356.png 768w\" sizes=\"(max-width: 1080px) 100vw, 1080px\" \/>\t\t\t\t\t\t\t\t\t\t\t\t\t\t\t<\/div>\n\t\t\t\t<\/div>\n\t\t\t\t<\/div>\n\t\t\t\t<\/div>\n\t\t","protected":false},"excerpt":{"rendered":"<p>Tratamento de \u00c1gua Industrial: Desenvolvemos solu\u00e7\u00f5es customizadas para atender \u00e0s demandas de processos industriais, garantindo que a \u00e1gua utilizada seja tratada conforme as especifica\u00e7\u00f5es t\u00e9cnicas exigidas, com orienta\u00e7\u00e3o de reuso, quando indicado e poss\u00edvel. Tratamento de \u00c1gua Pot\u00e1vel: Em parcerias com empresas especializadas, implementamos sistemas de purifica\u00e7\u00e3o que asseguram a potabilidade da \u00e1gua, eliminando contaminantes [&hellip;]<\/p>\n","protected":false},"author":1,"featured_media":0,"parent":0,"menu_order":0,"comment_status":"closed","ping_status":"closed","template":"","meta":{"_joinchat":[],"footnotes":""},"class_list":["post-314","page","type-page","status-publish","hentry"],"yoast_head":"<!-- This site is optimized with the Yoast SEO plugin v24.1 - https:\/\/yoast.com\/wordpress\/plugins\/seo\/ -->\n<title>Servi\u00e7os - Acquiphera - Solu\u00e7\u00f5es Ambientais<\/title>\n<meta name=\"robots\" content=\"index, follow, max-snippet:-1, max-image-preview:large, max-video-preview:-1\" \/>\n<link rel=\"canonical\" href=\"http:\/\/acquiphera.com.br\/index.php\/servicos\/\" \/>\n<meta property=\"og:locale\" content=\"en_US\" \/>\n<meta property=\"og:type\" content=\"article\" \/>\n<meta property=\"og:title\" content=\"Servi\u00e7os - Acquiphera - Solu\u00e7\u00f5es Ambientais\" \/>\n<meta property=\"og:description\" content=\"Tratamento de \u00c1gua Industrial: Desenvolvemos solu\u00e7\u00f5es customizadas para atender \u00e0s demandas de processos industriais, garantindo que a \u00e1gua utilizada seja tratada conforme as especifica\u00e7\u00f5es t\u00e9cnicas exigidas, com orienta\u00e7\u00e3o de reuso, quando indicado e poss\u00edvel. Tratamento de \u00c1gua Pot\u00e1vel: Em parcerias com empresas especializadas, implementamos sistemas de purifica\u00e7\u00e3o que asseguram a potabilidade da \u00e1gua, eliminando contaminantes [&hellip;]\" \/>\n<meta property=\"og:url\" content=\"http:\/\/acquiphera.com.br\/index.php\/servicos\/\" \/>\n<meta property=\"og:site_name\" content=\"Acquiphera - Solu\u00e7\u00f5es Ambientais\" \/>\n<meta property=\"article:modified_time\" content=\"2025-04-16T19:27:24+00:00\" \/>\n<meta property=\"og:image\" content=\"http:\/\/acquiphera.com.br\/wp-content\/uploads\/2025\/01\/AguaSensacional.png\" \/>\n<meta name=\"twitter:card\" content=\"summary_large_image\" \/>\n<meta name=\"twitter:label1\" content=\"Est. reading time\" \/>\n\t<meta name=\"twitter:data1\" content=\"2 minutes\" \/>\n<script type=\"application\/ld+json\" class=\"yoast-schema-graph\">{\"@context\":\"https:\/\/schema.org\",\"@graph\":[{\"@type\":\"WebPage\",\"@id\":\"http:\/\/acquiphera.com.br\/index.php\/servicos\/\",\"url\":\"http:\/\/acquiphera.com.br\/index.php\/servicos\/\",\"name\":\"Servi\u00e7os - Acquiphera - Solu\u00e7\u00f5es Ambientais\",\"isPartOf\":{\"@id\":\"http:\/\/acquiphera.com.br\/#website\"},\"primaryImageOfPage\":{\"@id\":\"http:\/\/acquiphera.com.br\/index.php\/servicos\/#primaryimage\"},\"image\":{\"@id\":\"http:\/\/acquiphera.com.br\/index.php\/servicos\/#primaryimage\"},\"thumbnailUrl\":\"http:\/\/acquiphera.com.br\/wp-content\/uploads\/2025\/01\/AguaSensacional.png\",\"datePublished\":\"2025-01-28T21:20:31+00:00\",\"dateModified\":\"2025-04-16T19:27:24+00:00\",\"breadcrumb\":{\"@id\":\"http:\/\/acquiphera.com.br\/index.php\/servicos\/#breadcrumb\"},\"inLanguage\":\"en-US\",\"potentialAction\":[{\"@type\":\"ReadAction\",\"target\":[\"http:\/\/acquiphera.com.br\/index.php\/servicos\/\"]}]},{\"@type\":\"ImageObject\",\"inLanguage\":\"en-US\",\"@id\":\"http:\/\/acquiphera.com.br\/index.php\/servicos\/#primaryimage\",\"url\":\"https:\/\/acquiphera.com.br\/wp-content\/uploads\/2025\/01\/AguaSensacional.png\",\"contentUrl\":\"https:\/\/acquiphera.com.br\/wp-content\/uploads\/2025\/01\/AguaSensacional.png\",\"width\":1080,\"height\":500},{\"@type\":\"BreadcrumbList\",\"@id\":\"http:\/\/acquiphera.com.br\/index.php\/servicos\/#breadcrumb\",\"itemListElement\":[{\"@type\":\"ListItem\",\"position\":1,\"name\":\"Home\",\"item\":\"https:\/\/acquiphera.com.br\/\"},{\"@type\":\"ListItem\",\"position\":2,\"name\":\"Servi\u00e7os\"}]},{\"@type\":\"WebSite\",\"@id\":\"http:\/\/acquiphera.com.br\/#website\",\"url\":\"http:\/\/acquiphera.com.br\/\",\"name\":\"Acquiphera - Solu\u00e7\u00f5es Ambientais\",\"description\":\"Solu\u00e7\u00f5es Ambienteis em tratamento de \u00e1gua\",\"publisher\":{\"@id\":\"http:\/\/acquiphera.com.br\/#organization\"},\"potentialAction\":[{\"@type\":\"SearchAction\",\"target\":{\"@type\":\"EntryPoint\",\"urlTemplate\":\"http:\/\/acquiphera.com.br\/?s={search_term_string}\"},\"query-input\":{\"@type\":\"PropertyValueSpecification\",\"valueRequired\":true,\"valueName\":\"search_term_string\"}}],\"inLanguage\":\"en-US\"},{\"@type\":\"Organization\",\"@id\":\"http:\/\/acquiphera.com.br\/#organization\",\"name\":\"Acquiphera - Solu\u00e7\u00f5es Ambientais\",\"url\":\"http:\/\/acquiphera.com.br\/\",\"logo\":{\"@type\":\"ImageObject\",\"inLanguage\":\"en-US\",\"@id\":\"http:\/\/acquiphera.com.br\/#\/schema\/logo\/image\/\",\"url\":\"https:\/\/acquiphera.com.br\/wp-content\/uploads\/2025\/01\/cropped-EstudoLogoAcqui2.png\",\"contentUrl\":\"https:\/\/acquiphera.com.br\/wp-content\/uploads\/2025\/01\/cropped-EstudoLogoAcqui2.png\",\"width\":470,\"height\":135,\"caption\":\"Acquiphera - Solu\u00e7\u00f5es Ambientais\"},\"image\":{\"@id\":\"http:\/\/acquiphera.com.br\/#\/schema\/logo\/image\/\"}}]}<\/script>\n<!-- \/ Yoast SEO plugin. -->","yoast_head_json":{"title":"Servi\u00e7os - Acquiphera - Solu\u00e7\u00f5es Ambientais","robots":{"index":"index","follow":"follow","max-snippet":"max-snippet:-1","max-image-preview":"max-image-preview:large","max-video-preview":"max-video-preview:-1"},"canonical":"http:\/\/acquiphera.com.br\/index.php\/servicos\/","og_locale":"en_US","og_type":"article","og_title":"Servi\u00e7os - Acquiphera - Solu\u00e7\u00f5es Ambientais","og_description":"Tratamento de \u00c1gua Industrial: Desenvolvemos solu\u00e7\u00f5es customizadas para atender \u00e0s demandas de processos industriais, garantindo que a \u00e1gua utilizada seja tratada conforme as especifica\u00e7\u00f5es t\u00e9cnicas exigidas, com orienta\u00e7\u00e3o de reuso, quando indicado e poss\u00edvel. Tratamento de \u00c1gua Pot\u00e1vel: Em parcerias com empresas especializadas, implementamos sistemas de purifica\u00e7\u00e3o que asseguram a potabilidade da \u00e1gua, eliminando contaminantes [&hellip;]","og_url":"http:\/\/acquiphera.com.br\/index.php\/servicos\/","og_site_name":"Acquiphera - Solu\u00e7\u00f5es Ambientais","article_modified_time":"2025-04-16T19:27:24+00:00","og_image":[{"url":"http:\/\/acquiphera.com.br\/wp-content\/uploads\/2025\/01\/AguaSensacional.png","type":"","width":"","height":""}],"twitter_card":"summary_large_image","twitter_misc":{"Est. reading time":"2 minutes"},"schema":{"@context":"https:\/\/schema.org","@graph":[{"@type":"WebPage","@id":"http:\/\/acquiphera.com.br\/index.php\/servicos\/","url":"http:\/\/acquiphera.com.br\/index.php\/servicos\/","name":"Servi\u00e7os - Acquiphera - Solu\u00e7\u00f5es Ambientais","isPartOf":{"@id":"http:\/\/acquiphera.com.br\/#website"},"primaryImageOfPage":{"@id":"http:\/\/acquiphera.com.br\/index.php\/servicos\/#primaryimage"},"image":{"@id":"http:\/\/acquiphera.com.br\/index.php\/servicos\/#primaryimage"},"thumbnailUrl":"http:\/\/acquiphera.com.br\/wp-content\/uploads\/2025\/01\/AguaSensacional.png","datePublished":"2025-01-28T21:20:31+00:00","dateModified":"2025-04-16T19:27:24+00:00","breadcrumb":{"@id":"http:\/\/acquiphera.com.br\/index.php\/servicos\/#breadcrumb"},"inLanguage":"en-US","potentialAction":[{"@type":"ReadAction","target":["http:\/\/acquiphera.com.br\/index.php\/servicos\/"]}]},{"@type":"ImageObject","inLanguage":"en-US","@id":"http:\/\/acquiphera.com.br\/index.php\/servicos\/#primaryimage","url":"https:\/\/acquiphera.com.br\/wp-content\/uploads\/2025\/01\/AguaSensacional.png","contentUrl":"https:\/\/acquiphera.com.br\/wp-content\/uploads\/2025\/01\/AguaSensacional.png","width":1080,"height":500},{"@type":"BreadcrumbList","@id":"http:\/\/acquiphera.com.br\/index.php\/servicos\/#breadcrumb","itemListElement":[{"@type":"ListItem","position":1,"name":"Home","item":"https:\/\/acquiphera.com.br\/"},{"@type":"ListItem","position":2,"name":"Servi\u00e7os"}]},{"@type":"WebSite","@id":"http:\/\/acquiphera.com.br\/#website","url":"http:\/\/acquiphera.com.br\/","name":"Acquiphera - Solu\u00e7\u00f5es Ambientais","description":"Solu\u00e7\u00f5es Ambienteis em tratamento de \u00e1gua","publisher":{"@id":"http:\/\/acquiphera.com.br\/#organization"},"potentialAction":[{"@type":"SearchAction","target":{"@type":"EntryPoint","urlTemplate":"http:\/\/acquiphera.com.br\/?s={search_term_string}"},"query-input":{"@type":"PropertyValueSpecification","valueRequired":true,"valueName":"search_term_string"}}],"inLanguage":"en-US"},{"@type":"Organization","@id":"http:\/\/acquiphera.com.br\/#organization","name":"Acquiphera - Solu\u00e7\u00f5es Ambientais","url":"http:\/\/acquiphera.com.br\/","logo":{"@type":"ImageObject","inLanguage":"en-US","@id":"http:\/\/acquiphera.com.br\/#\/schema\/logo\/image\/","url":"https:\/\/acquiphera.com.br\/wp-content\/uploads\/2025\/01\/cropped-EstudoLogoAcqui2.png","contentUrl":"https:\/\/acquiphera.com.br\/wp-content\/uploads\/2025\/01\/cropped-EstudoLogoAcqui2.png","width":470,"height":135,"caption":"Acquiphera - Solu\u00e7\u00f5es Ambientais"},"image":{"@id":"http:\/\/acquiphera.com.br\/#\/schema\/logo\/image\/"}}]}},"_links":{"self":[{"href":"https:\/\/acquiphera.com.br\/index.php\/wp-json\/wp\/v2\/pages\/314","targetHints":{"allow":["GET"]}}],"collection":[{"href":"https:\/\/acquiphera.com.br\/index.php\/wp-json\/wp\/v2\/pages"}],"about":[{"href":"https:\/\/acquiphera.com.br\/index.php\/wp-json\/wp\/v2\/types\/page"}],"author":[{"embeddable":true,"href":"https:\/\/acquiphera.com.br\/index.php\/wp-json\/wp\/v2\/users\/1"}],"replies":[{"embeddable":true,"href":"https:\/\/acquiphera.com.br\/index.php\/wp-json\/wp\/v2\/comments?post=314"}],"version-history":[{"count":35,"href":"https:\/\/acquiphera.com.br\/index.php\/wp-json\/wp\/v2\/pages\/314\/revisions"}],"predecessor-version":[{"id":856,"href":"https:\/\/acquiphera.com.br\/index.php\/wp-json\/wp\/v2\/pages\/314\/revisions\/856"}],"wp:attachment":[{"href":"https:\/\/acquiphera.com.br\/index.php\/wp-json\/wp\/v2\/media?parent=314"}],"curies":[{"name":"wp","href":"https:\/\/api.w.org\/{rel}","templated":true}]}}